ns digit of 8331517652?
3
What is the ten thousands digit of 2695732882?
3
What is the hundred thousands digit of 59663240?
6
What is the millions digit of 62616694?
2
What is the ten thousands digit of 43093714?
9
What is the units digit of 3626706981?
1
What is the thousands digit of 975503025?
3
What is the hundreds digit of 29894797?
7
What is the hundred millions digit of 647273747?
6
What is the thousands digit of 19923860?
3
What is the hundreds digit of 3683992?
9
What is the thousands digit of 61921203?
1
What is the millions digit of 338717726?
8
What is the hundred millions digit of 325741584?
3
What is the hundreds digit of 2818457375?
3
What is the units digit of 166092070?
0
What is the tens digit of 4833311?
1
What is the billions digit of 1147130977?
1
What is the thousands digit of 119772869?
2
What is the tens digit of 112746452?
5
What is the units digit of 1904326925?
5
What is the hundred thousands digit of 60911173?
9
What is the units digit of 1622789193?
3
What is the units digit of 158653034?
4
What is the ten thousands digit of 227771140?
7
What is the millions digit of 61053195?
1
What is the billions digit of 2555266705?
2
What is the hundred millions digit of 171325251?
1
What is the units digit of 207809490?
0
What is the units digit of 238789218?
8
What is the millions digit of 55144991?
5
What is the tens digit of 571682761?
6
What is the hundred millions digit of 511813703?
5
What is the thousands digit of 2462814926?
4
What is the thousands digit of 1859578001?
8
What is the hundreds digit of 779669912?
9
What is the thousands digit of 227712344?
2
What is the ten thousands digit of 281377835?
7
What is the millions digit of 35923328?
5
What is the ten thousands digit of 92058203?
5
What is the thousands digit of 12643819?
3
What is the thousands digit of 13943119?
3
What is the billions digit of 2838057762?
2
What is the ten millions digit of 1044553792?
4
What is the tens digit of 83261478?
7
What is the hundreds digit of 956556599?
5
What is the hundreds digit of 71814137?
1
What is the hundred thousands digit of 270565818?
5
What is the ten millions digit of 71801237?
7
What is the ten thousands digit of 1249205443?
0
What is the tens digit of 31828200?
0
What is the units digit of 142744826?
6
What is the tens digit of 1838195653?
5
What is the millions digit of 103440741?
3
What is the hundreds digit of 1212263737?
7
What is the thousands digit of 530456797?
6
What is the hundred thousands digit of 2943681478?
6
What is the units digit of 693746968?
8
What is the ten thousands digit of 1932483667?
8
What is the units digit of 1115165606?
6
What is the hundreds digit of 120407069?
0
What is the tens digit of 629258946?
4
What is the ten millions digit of 5383978279?
8
What is the thousands digit of 96827454?
7
What is the ten thousands digit of 128128021?
2
What is the units digit of 362369366?
6
What is the units digit of 1799644511?
1
What is the hundreds digit of 110645848?
8
What is the hundred thousands digit of 1051524732?
5
What is the ten thousands digit of 112956068?
5
What is the hundreds digit of 44980198?
1
What is the ten millions digit of 37711920?
3
What is the millions digit of 2533442909?
3
What is the units digit of 344645817?
7
What is the units digit of 135978300?
0
What is the ten millions digit of 200113178?
0
What is the units digit of 574591308?
8
What is the ten thousands digit of 228649756?
4
What is the hundred millions digit of 767659478?
7
What is the millions digit of 1810606546?
0
What is the hundreds digit of 537615647?
6
What is the thousands digit of 41862949?
2
What is the ten millions digit of 1422272938?
2
What is the ten thousands digit of 321946433?
4
What is the tens digit of 234022491?
9
What is the ten thousands digit of 238544720?
4
What is the tens digit of 985222201?
0
What is the thousands digit of 521573358?
3
What is the tens digit of 4830848770?
7
What is the hundred thousands digit of 61749230?
7
What is the tens digit of 3457327045?
4
What is the units digit of 69258666?
6
What is the hundreds digit of 789581530?
5
What is the billions digit of 5573027865?
5
What is the hundred thousands digit of 1455141112?
1
What is the millions digit of 784555287?
4
What is the ten thousands digit of 1119817906?
1
What is the tens digit of 81203409?
0
What is the millions digit of 137339456?
7
What is the units digit of 227584802?
2
What is the thousands digit of 1438018463?
8
What is the hundred millions digit of 457206486?
4
What is the hundred millions digit of 158637709?
1
What is the ten thousands digit of 308644681?
4
What is the millions digit of 799294255?
9
What is the tens digit of 57349677?
7
What is the tens digit of 789910969?
6
What is the ten thousands digit of 14141606?
4
What is the thousands digit of 2712851448?
1
What is the hundreds digit of 124049076?
0
What is the thousands digit of 305905798?
5
What is the millions digit of 66884475?
6
What is the millions digit of 87231943?
7
What is the hundred thousands digit of 94848402?
8
What is the millions digit of 4426552338?
6
What is the thousands digit of 84765359?
5
What is the thousands digit of 1749669069?
9
What is the thousands digit of 926430774?
0
What is the thousands digit of 108278602?
8
What is the ten thousands digit of 308715901?
1
What is the tens digit of 1267803103?
0
What is the ten millions digit of 2141769142?
4
What is the hundred thousands digit of 758926063?
9
What is the hundred thousands digit of 5564272985?
2
What is the thousands digit of 779509230?
9
What is the hundred millions digit of 263253288?
2
What is the thousands digit of 6243333288?
3
What is the ten millions digit of 62546999?
6
What is the millions digit of 45125633?
5
What is the hundreds digit of 665849262?
2
What is the thousands digit of 21244710?
4
What is the millions digit of 867638808?
7
What is the hundred millions digit of 3091642012?
0
What is the ten thousands digit of 36933933?
3
What is the ten thousands digit of 4339963276?
6
What is the hundreds digit of 49034975?
9
What is the units digit of 911977243?
3
What is the ten thousands digit of 550135112?
3
What is the millions digit of 468067675?
8
What is the ten millions digit of 44254975?
4
What is the hundreds digit of 106001772?
7
What is the tens digit of 390227897?
9
What is the units digit of 131595839?
9
What is the thousands digit of 1417254820?
4
What is the ten thousands digit of 1529480976?
8
What is the millions digit of 1254202346?
4
What is the hundred thousands digit of 235235337?
2
What is the millions digit of 4297024973?
7
What is the hundred thousands digit of 31946820?
9
What is the hundred thousands digit of 47899891?
8
What is the hundred thousands digit of 506156078?
1
What is the ten thousands digit of 233852218?
5
What is the ten millions digit of 36212273?
3
What is the millions digit of 64384875?
4
What is the hundred millions digit of 6837984150?
8
What is the hundred thousands digit of 72892895?
8
What is the millions digit of 161740862?
1
What is the ten millions digit of 119035765?
1
What is the ten millions digit of 230370935?
3
What is the units digit of 300076573?
3
What is the units digit of 969836797?
7
What is the hundreds digit of 1086153137?
1
What is the units digit of 269459354?
4
What is the millions digit of 2310578761?
0
What is the millions digit of 177328002?
7
What is the hundred millions digit of 115709435?
1
What is the millions digit of 59008505?
9
What is the tens digit of 920341337?
3
What is the thousands digit of 165066908?
6
What is the hundred thousands digit of 47396254?
3
What is the hundreds digit of 298395999?
9
What is the millions digit of 427972208?
7
What is the hundred millions digit of 274092868?
2
What is the tens digit of 371885160?
6
What is the units digit of 48756400?
0
What is the millions digit of 52055044?
2
What is the units digit of 7377434?
4
What is the hundred millions digit of 2813595690?
8
What is the units digit of 2718556916?
6
What is the hundreds digit of 4803003196?
1
What is the hundred millions digit of 840131942?
8
What is the ten millions digit of 1026658143?
2
What is the tens digit of 8950128?
2
What is the hundred millions digit of 236177860?
2
What is 